8 = -b, 2*b = -3*y + 4*y + 1. Suppose 4*z + 20 = 0, a - 9 = -z + b. What is the highest common divisor of a and o?
17
Let v(s) be the third derivative of s**5/60 + 11*s**4/24 - 7*s**3/3 + 4*s**2. Let j be v(-17). Calculate the highest common divisor of j and 8.
8
Suppose 0 = 7*v - 60 - 178. Calculate the greatest common factor of v and 102.
34
Let a be (-798)/(-209) + (-2)/(-11). What is the greatest common factor of 16 and a?
4
Suppose 4*z = 5*y + 102, z - 4*y - y = 18. Let r be ((-1078)/z)/((-2)/8). Calculate the highest common divisor of r and 14.
14
Suppose -12 = -3*w - 0*w. Suppose 0 = 2*q + w*m - 7*m - 204, 319 = 3*q + 2*m. Calculate the highest common divisor of 21 and q.
21
Suppose i - 3 = 8. Let b(t) = 2*t**2 - 8*t - 10. Let x be b(-6). Calculate the highest common divisor of i and x.
11
Let d = 19 - 9. Suppose 2*k - 27 = -7. What is the highest common factor of d and k?
10
Let z(a) = 4 - 2*a + a - 4*a - 12. Let t be z(-6). What is the highest common factor of 22 and t?
22
Let a = 29 - 14. What is the greatest common factor of a and 75?
15
Let t = 395 + -275. Suppose 0 = -5*b + 2*v + t, -b - 2*v - 54 = -3*b. Let l be 42 + (2 - 1) + 1. Calculate the highest common factor of b and l.
22
Suppose 3*c - 5*n - 83 = 0, -2*c - n + 47 = -6*n. What is the greatest common factor of 180 and c?
36
Suppose 4*m + 1716 = 3*s + 2*s, -3*m - 1256 = 4*s. Let y be m/(-14) - 4/14. Calculate the highest common factor of y and 6.
6
Let v = 367 + -125. What is the highest common factor of v and 22?
22
Let b(z) = -z**2 - 7*z - 4. Let p be b(-6). Suppose 0*o = -5*o. Suppose o = p*w - 15 - 113. What is the greatest common divisor of 8 and w?
8
Let k = -69 + 79. What is the highest common divisor of k and 4?
2
Suppose 3*q - 3*f - 49 + 7 = 0, 0 = -5*f - 15. Let o be ((-17)/((-1020)/528))/((-2)/(-20)). Calculate the highest common factor of q and o.
11
Suppose 0 = -4*m - u - 3*u + 56, 3*m + u = 48. Let c = 2 + m. Calculate the highest common divisor of c and 209.
19
Suppose -5*n + 5 = 5*t, 5*t = -n - 23 + 4. What is the highest common factor of n and 48?
6
Suppose 2*i - 4*a = 2, 0*i + 4*a = -i + 7. Suppose i*p = -0*p + 30. Let x = -127 - -217. Calculate the greatest common divisor of x and p.
10
Let c(r) = -5*r + 1. Let g be c(1). Let u(m) = -m**3 - 4*m**2 + m + 3. Let p be u(g). Let b be (4/8)/(p/(-14)). What is the highest common factor of b and 7?
7
Suppose -3*m + 7*m - 968 = 0. Calculate the highest common divisor of 22 and m.
22
Suppose -4*y - a = -8, 7*y - 4*y - 3*a = -9. What is the highest common divisor of 3 and y?
1
Let k(r) = 28*r**2 - 10*r - 7. Let p be k(-3). Calculate the greatest common factor of 25 and p.
25
Let m be (-446)/(-18) + 1/((-18)/(-4)). What is the greatest common factor of m and 200?
25
Let v be ((-13)/2)/((-2)/4). Let g = v + 47. What is the greatest common divisor of g and 24?
12
Suppose h - 3*i + 2 = 3*h, -3*i - 18 = -3*h. What is the highest common divisor of 28 and h?
4
Let c be 155/25 + 3 + (-16)/5. Calculate the greatest common factor of 132 and c.
6
Let y = -150 - 447. Let z be y/(-9) + 1/(-3). Let f = -19 - -41. Calculate the greatest common factor of f and z.
22
Suppose 0 = 4*s - 4*b - 32, 4*b - 3*b - 8 = -3*s. Suppose 4*q - s*p - 4 = -0*q, -3*q + p = -13. Calculate the highest common divisor of 30 and q.
6
Suppose -4*r - 4 = -796. Calculate the greatest common factor of 22 and r.
22
Let b be (-19)/3 + 1/3. Let p be (-38)/(-3) - (-4)/b. Let a(d) = d**3 - 13*d**2 + 15*d - 30. Let w be a(12). What is the highest common factor of p and w?
6
Let a(o) = -o**2 + 11*o + 6. Let x be a(9). Calculate the greatest common divisor of 192 and x.
24
Let c(l) = -l**3 + 2 + 5*l + 0*l**2 - 13*l + 9*l**2. Let s be c(8). Calculate the greatest common divisor of 5 and s.
1
Suppose 5*u - 5*p + 10 = 0, 2*p - 10 = -5*u + 3*p. Suppose -u*h = -0*h - 63. What is the highest common factor of h and 14?
7
Let t = -6 + 10. Suppose t*g - 13 = 23. Calculate the highest common factor of 81 and g.
9
Suppose 4*v - 1 = 3*v. Let g(n) = -v - 4*n - 2 - 1. Let c be g(-3). What is the greatest common divisor of c and 8?
8
Let b(f) = -f**3 + 4*f**2 + 6*f + 5. Let w be b(5). Let z(m) = -16*m - 2. Let l be z(-2). What is the greatest common factor of w and l?
10
Let v be 10/4*(32/5 - -2). What is the highest common divisor of v and 14?
7
Let z(q) = q - 2. Let j be z(-4). Let u = -3 - j. Calculate the greatest common factor of 15 and u.
3
Suppose -4*i = -13*i + 171. Let j(s) = 9*s**2 - 1 - 4*s + 9*s**2 + 7*s. Let v be j(-3). Calculate the greatest common factor of i and v.
19
Let o(c) = c**3 - 15*c**2 + 18*c + 16. Let q(w) = -w**2 + 13*w + 2. Let l be q(12). Let x be o(l). Calculate the greatest common divisor of x and 18.
18
Suppose 0 = 3*i + 5*x + 4, 6*i + 3*x + 6 = 3*i. Let m be i/12 - 29/(-4). Suppose 2*t + 70 = 4*t. What is the highest common divisor of m and t?
7
Let h be 9/2*4/6. Let o be h/(-3)*2*-7. What is the greatest common factor of o and 21?
7
Suppose 4*l - 3*l = 0. Let u be -2 + -2 + l - -5. What is the greatest common factor of 5 and u?
1
Suppose t - 4 = 4*z, 3*z = 4*z. What is the highest common divisor of 8 and t?
4
Let p be 2/(-4)*-6*1. Suppose -p*w + 4*q = -6*w, 2*q = -4*w. Suppose w = 2*y + 2*n - 4, 0 = 5*y + 5*n - n - 13. What is the greatest common factor of y and 1?
1
Let j = -56 + 108. Let a = -2 + 15. What is the greatest common factor of j and a?
13
Suppose 7*w - 2*w - 25 = 0. Calculate the highest common divisor of 10 and w.
5
Suppose -6*t + 96 = -3*t. Suppose -13 - t = -5*w. Suppose 0 = 4*q - q - 189. What is the greatest common divisor of w and q?
9
Let v = 269 - 192. Let a(c) = 14*c**2 - 2*c + 2. Let q be a(2). Suppose 51 = 4*m + 5*f - 18, -4*m - 2*f = -q. What is the greatest common factor of m and v?
11
Let d(s) = -s + 1. Let k(x) = -6*x - 3. Let j(u) = d(u) + k(u). Let h be j(-3). What is the greatest common factor of h and 209?
19
Let w = -31 - -39. What is the greatest common factor of w and 72?
8
Let x(k) = k**3 + 4*k**2. Let i(f) = -f**3 - 4*f**2 + 5*f - 3. Let y be i(-5). Let q be x(y). What is the highest common divisor of 45 and q?
9
Suppose 3*f - 2846 = -815. Suppose -4*u = -4*o - 548, -5*u + 6*o = 3*o - f. Suppose 0 = -3*c - 13 + u. Calculate the greatest common divisor of c and 60.
20
Let v be (30/9 + -3)*3. Let q(c) = -20*c - c**3 + v + 6*c - 17 - 12*c**2. Let a be q(-11). Calculate the greatest common factor of a and 136.
17
Let g = 3 - -6. Let q be (-33)/g + 6/9. Let t = 1 - q. What is the highest common divisor of t and 4?
4
Let d be 1623/21 - (-2)/(-7). Suppose -2*x + 5*t - 120 = -7*x, 0 = -4*x + t + 121. Let o be 4/(-16) - x/(-4). What is the greatest common factor of o and d?
7
Suppose -h = -5*k + 60, 0*h = 3*k + 2*h - 49. Let f = 28 - k. What is the greatest common factor of f and 5?
5
Let m be 17/(-5) + 6/(-10). Let h be 632/72 - m/18. Calculate the highest common divisor of h and 36.
9
Suppose -o + 5*o - 8 = -2*m, 5*m - o = 42. Suppose 3*n - y = 95, n - 27 = y + m. Let p = n + -4. Calculate the highest common divisor of p and 13.
13
Suppose d = -d - 5*x + 92, 4*d - 160 = -4*x. Calculate the highest common divisor of d and 12.
12
Let y = 0 + 4. Let s = -31 - -49. Suppose y*w - 14 = s. Calculate the highest common divisor of 64 and w.
8
Let b = -1 - 2. Let h be 6/(((-9)/4)/b). Calculate the greatest common divisor of 2 and h.
2
Suppose 3*k + 60 = 5*r, r + k + 3*k = 35. What is the greatest common divisor of 10 and r?
5
Let j(o) = o**2 + 2*o. Let b be (2 - 0)/(-2) + -4. Let g = -1 - b. Let c be j(g). What is the greatest common divisor of 16 and c?
8
Let f = -7 + -22. Suppose -190 = 4*s - 26. Let a = f - s. What is the greatest common divisor of a and 120?
12
Let l = 18 + -5. Let y = 0 + 117. Calculate the greatest common divisor of l and y.
13
Suppose n = 5*r - 29, -6*r + 4*r + 18 = -2*n. Suppose 24 + 41 = r*c. Calculate the greatest common factor of 26 and c.
13
Let u be (-1 + 0 - -1)/(-4). Suppose -k + u*f - 2*f = -13, -k + 4*f = -7. Suppose 5*i = -116 + 336. What is the greatest common factor of k and i?
11
Suppose 4*n + 48 = 7*n. What is the highest common factor of 8 and n?
8
Let c = -5 - -12. What is the greatest common factor of 7 and c?
7
Let s be 2/(-5) - 344/(-10). Let q = s + -20. What is the highest commo